{"id":446,"date":"2019-10-09T13:07:18","date_gmt":"2019-10-09T11:07:18","guid":{"rendered":"http:\/\/www.redconcesionariosmazda.com\/indacentro\/?page_id=446"},"modified":"2019-12-11T09:37:39","modified_gmt":"2019-12-11T08:37:39","slug":"politica-de-cookies","status":"publish","type":"page","link":"https:\/\/www.redconcesionariosmazda.com\/indacentro\/politica-de-cookies\/","title":{"rendered":"Cookies"},"content":{"rendered":"<div class=\"wpb-content-wrapper\"><p>[vc_row][vc_column][vc_column_text]<\/p>\n<h2>\u00bfQU\u00c9 SON LAS COOKIES?<\/h2>\n<p>La mayor\u00eda de las p\u00e1ginas web guardan una informaci\u00f3n m\u00ednima sobre la actividad de los usuarios. Esa informaci\u00f3n tiene la forma de un peque\u00f1o archivo de texto y se conoce como &#8220;cookie&#8221;. Ese archivo se almacena en el ordenador del usuario.<\/p>\n<p>Por nuestra parte, procuramos ofrecerte siempre la mejor experiencia posible, y nuestro sitio web funciona de manera \u00f3ptima con las cookies activadas. Las cookies nos permiten recordarte cuando visitas de nuevo nuestro sitio web, as\u00ed como identificar y resolver errores. De este modo te ofrecemos una experiencia m\u00e1s r\u00e1pida y personal. Solo se almacenan datos adicionales si tu nos los proporcionas voluntariamente; por ejemplo, si nos solicitas una prueba de conducci\u00f3n.<\/p>\n<p>Las cookies no causan ning\u00fan da\u00f1o a tu ordenador. Asimismo, seleccionamos con el m\u00e1ximo cuidado a los colaboradores que utilizan cookies con fines de marketing.[\/vc_column_text][vc_empty_space height=&#8221;20px&#8221;][vc_separator][vc_empty_space height=&#8221;10px&#8221;][vc_column_text]<\/p>\n<h2>TIPOS DE COOKIES QUE UTILIZA ESTE SITIO WEB<\/h2>\n<p>[\/vc_column_text][vc_column_text]<\/p>\n<h3>COOKIES ESTRICTAMENTE NECESARIAS.<\/h3>\n<p>Estas cookies son imprescindibles para moverse por el sitio web y utilizar sus prestaciones. Por ejemplo, para acceder a zonas seguras del sitio web. Sin ellas, no podemos prestar servicios solicitados por el usuario; por ejemplo, gestionar tu solicitud de prueba de conducci\u00f3n.<\/p>\n<p>Este sitio web utiliza cookies &#8220;estrictamente necesarias&#8221; que afectan a p\u00e1ginas tales como los formularios de\u00a0pruebas de conducci\u00f3n\u00a0o de\u00a0contacto. Esta informaci\u00f3n se borra autom\u00e1ticamente al final de cada sesi\u00f3n.[\/vc_column_text][vc_empty_space height=&#8221;5px&#8221;][vc_column_text]<\/p>\n<h3>COOKIES SOBRE COMPORTAMIENTO.<\/h3>\n<p>Estas cookies recogen informaci\u00f3n sobre el modo en que los visitantes utilizan un sitio web. Por ejemplo, qu\u00e9 p\u00e1ginas visitan con m\u00e1s frecuencia y si reciben mensajes de error. Estas cookies no recopilan informaci\u00f3n que permita identificar a un visitante. Toda la informaci\u00f3n que recogen estas cookies tiene car\u00e1cter agregado y, por tanto, es totalmente an\u00f3nima. Se utiliza estrictamente para mejorar el funcionamiento del sitio web.[\/vc_column_text][vc_empty_space height=&#8221;5px&#8221;][vc_column_text]<\/p>\n<h2><span style=\"font-size: 16px;\">COOKIES FUNCIONALES.<\/span><\/h2>\n<p>En Mazda distinguimos dos categor\u00edas de cookies funcionales.\u00a0Por un lado, recopilamos las denominadas cookies de ubicaci\u00f3n.\u00a0Con ellas, recopilamos f\u00e1cilmente desde el navegador la informaci\u00f3n sobre tu ubicaci\u00f3n, para que no tengas que introducirla manualmente en los campos de nuestros formularios.\u00a0Por otra parte, en el servicio My Mazda se recopilan las cookies de sesi\u00f3n de los usuarios, que son necesarias para poder usar el servicio.<\/p>\n<p>Estas cookies permiten al sitio web recordar opciones que el usuario selecciona (como su nombre de usuario, el idioma o su regi\u00f3n geogr\u00e1fica) y prestar un servicio m\u00e1s amplio y personal. Por ejemplo, un sitio web puede proporcionar informaci\u00f3n meteorol\u00f3gica o informaci\u00f3n sobre tr\u00e1fico local si almacena en una cookie la regi\u00f3n en la que est\u00e1 ubicado el usuario.<\/p>\n<p>Estas cookies pueden tambi\u00e9n emplearse para recordar cambios que el usuario realiza en el tipo y el tama\u00f1o de letra, y en otros elementos de las p\u00e1ginas web que es posible personalizar. Igualmente, pueden utilizarse para prestar servicios solicitados por el usuario; por ejemplo, ver un v\u00eddeo. La informaci\u00f3n que recopilan estas cookies puede hacerse an\u00f3nima y no permite seguir la actividad de navegaci\u00f3n del usuario en otras p\u00e1ginas web.<\/p>\n<p>En concreto, este sitio web utiliza cookies de este tipo en formularios tales como Localiza tu concesionario. La cookie recuerda la informaci\u00f3n introducida por el usuario y, cuando este entra en un nuevo formulario, como Pruebas de conducci\u00f3n, transfiere los detalles introducidos previamente. Esta informaci\u00f3n se borra autom\u00e1ticamente al final de cada sesi\u00f3n.[\/vc_column_text][vc_empty_space height=&#8221;5px&#8221;][\/vc_column][\/vc_row][vc_row][vc_column][vc_column_text el_class=&#8221;cookies&#8211;botonera&#8221;]<\/p>\n<div class=\"d-flex justify-content-center align-items-center\"><\/div>\n<p>[\/vc_column_text][\/vc_column][\/vc_row]<\/p>\n<\/div>","protected":false},"excerpt":{"rendered":"<p>[vc_row][vc_column][vc_column_text] \u00bfQU\u00c9 SON LAS COOKIES? La mayor\u00eda de las p\u00e1ginas web guardan una informaci\u00f3n m\u00ednima sobre la actividad de los usuarios. Esa informaci\u00f3n tiene la forma de un peque\u00f1o archivo de texto y se conoce como &#8220;cookie&#8221;. Ese archivo se almacena en el ordenador del usuario. Por nuestra parte, procuramos ofrecerte siempre la mejor experiencia [&hellip;]<\/p>\n","protected":false},"author":2,"featured_media":0,"parent":0,"menu_order":0,"comment_status":"closed","ping_status":"closed","template":"page-textoslegales.php","meta":{"_acf_changed":false,"xn-wppe-expiration":[],"xn-wppe-expiration-action":[],"xn-wppe-expiration-prefix":[],"footnotes":""},"class_list":["post-446","page","type-page","status-publish","hentry"],"acf":[],"_links":{"self":[{"href":"https:\/\/www.redconcesionariosmazda.com\/indacentro\/wp-json\/wp\/v2\/pages\/446","targetHints":{"allow":["GET"]}}],"collection":[{"href":"https:\/\/www.redconcesionariosmazda.com\/indacentro\/wp-json\/wp\/v2\/pages"}],"about":[{"href":"https:\/\/www.redconcesionariosmazda.com\/indacentro\/wp-json\/wp\/v2\/types\/page"}],"author":[{"embeddable":true,"href":"https:\/\/www.redconcesionariosmazda.com\/indacentro\/wp-json\/wp\/v2\/users\/2"}],"replies":[{"embeddable":true,"href":"https:\/\/www.redconcesionariosmazda.com\/indacentro\/wp-json\/wp\/v2\/comments?post=446"}],"version-history":[{"count":0,"href":"https:\/\/www.redconcesionariosmazda.com\/indacentro\/wp-json\/wp\/v2\/pages\/446\/revisions"}],"wp:attachment":[{"href":"https:\/\/www.redconcesionariosmazda.com\/indacentro\/wp-json\/wp\/v2\/media?parent=446"}],"curies":[{"name":"wp","href":"https:\/\/api.w.org\/{rel}","templated":true}]}}